he remainder when 426 is divided by w?
46
Suppose 5*z - 4 = 2*y, -4*z - 3*y + 15 = -2. Let h(b) be the first derivative of 11*b**2/2 - 14*b - 3. Calculate the remainder when 94 is divided by h(z).
6
Suppose 0 = -19*a + 510 + 1703 + 903. Let t(q) = 14*q**2 + q + 1. What is the remainder when a is divided by t(-2)?
54
Let l(g) = -g**2 - 18*g - 34. Let q(m) = -m - 23. Let d be q(-10). What is the remainder when 276 is divided by l(d)?
28
Suppose 5*l - 277 = -17. Suppose -a + 100 = 4*z, -4*a + 666 - 563 = 5*z. What is the remainder when l is divided by z?
25
Suppose 6*k = 9*k - 33. Calculate the remainder when (-15)/9 + (-138)/(-54)*12 is divided by k/2*(-1 - -3).
7
Suppose 28*y - 1279 = 1521. What is the remainder when 1493 is divided by y?
93
What is the remainder when 452 is divided by (18 - (-2 + 0))*(18/(-24) + 1)?
2
Let l be 44736/(-108) - (4/(-18))/1. Let h = l + 484. Suppose -4*w + 74 = -2*w. Calculate the remainder when h is divided by w.
33
Suppose 0 = t - 3*l - 210, 5*l = -4*t + 312 + 494. Let b(k) = 48*k**2 + 416*k - 103. Calculate the remainder when t is divided by b(-9).
40
Let a(x) = x**2 + 8*x - 10. Let l be a(-9). Let m = -65 + 204. Calculate the remainder when m is divided by (l - -31) + (3 - 5).
27
Let g(c) = -52*c + 163. Let l be g(3). Suppose -p + l*p - 42 = 0. Calculate the remainder when 138 is divided by p.
5
Suppose -3*v - 5*p = 2*v - 1765, p - 1427 = -4*v. Let y(d) = d**3 + 51*d**2 + 139*d - 180. What is the remainder when v is divided by y(-48)?
58
Let u(l) = 82*l + 32 - 72*l + 2*l**2 - 40*l. What is the remainder when 49 is divided by u(14)?
1
Suppose -2*m + 5*k = -307, 4*k = -5*m + 9*k + 730. Let r(w) = -2*w + 8. What is the remainder when m is divided by r(-4)?
13
Let f(b) = -b**3 - 12*b**2 + 48*b + 208. Calculate the remainder when f(-16) is divided by 52.
48
Suppose 117 - 17 = 4*d. What is the remainder when 153 is divided by (-762)/(-10) - (-20)/d?
76
Let w(f) = -269*f - 162. Calculate the remainder when w(-1) is divided by 45.
17
Suppose 37*r = 2*w + 36*r - 37, 5*w - 54 = -3*r. What is the remainder when 259 is divided by w?
4
Let w = -136 - -167. Let b(x) = x**3 + 31*x**2 + 27*x - 11. What is the remainder when b(-30) is divided by w?
17
Let o(v) = v**3 + 28*v**2 - 29*v + 23. Let u(b) = -b**3 + 4*b**2 + b + 5. What is the remainder when o(-29) is divided by u(4)?
5
Suppose -42*a = -31*a - 242. Calculate the remainder when 6/((-18)/15) + 222 is divided by a.
19
Let t(y) = 17*y - 1254. Let l = 53 - 30. Calculate the remainder when t(79) is divided by l.
20
Suppose 3*d = 2*r - 3*r + 115, 5*d + 5*r = 205. Let k be (-6 + 13)*2/(-7). Let v = k + 22. Calculate the remainder when d is divided by v.
17
Suppose 5*c - 5336 = -1471. Calculate the remainder when 1547 is divided by c.
1
Let v(y) = 430*y - 329. Calculate the remainder when 628 is divided by v(1).
22
Suppose -3*v + 31 = 4*n - 3*n, -v = -3*n - 7. Calculate the remainder when 1*(-680)/(-12) - (-2)/6 is divided by v.
7
Suppose -6*a + 54 = -2*a + 2*x, -3*a + 48 = -x. Suppose a*f - 149 = 436. Let m = -27 - -49. Calculate the remainder when f is divided by m.
17
Let f(a) = a**2 - 19*a + 118. Calculate the remainder when f(0) is divided by 6.
4
Let l(j) = -71*j**3 - j**2 + j + 1. Suppose 2*p + 2*w - 272 = 0, 4*p + 3*w - 858 + 311 = 0. What is the remainder when p is divided by l(-1)?
69
Let y be 126/(-210) - 2/((-20)/3906). Suppose -395*v + y*v = -35. What is the remainder when 118 is divided by v?
6
Suppose -16*h - 193 = 175. Let v(m) = 8*m + 194. Calculate the remainder when 109 is divided by v(h).
9
What is the remainder when 1640665/430*(-16)/(-26) is divided by 50?
48
Let x = 914 + -906. Suppose -137 = -5*m + j, 9*j - x*j + 53 = 2*m. What is the remainder when 90 is divided by m?
6
Let g(u) = -82*u - 11215. Let f = 146 + -35. Calculate the remainder when f is divided by g(-137).
16
Suppose 596 = -5*c - 5*m + 2201, 0 = 2*c - 5*m - 614. Let h = c - 208. Calculate the remainder when h is divided by 51.
7
Let j = -16043 + 16045. What is the remainder when 1251 is divided by j?
1
Let h(z) = -3*z**3 - 9*z**2 - 272*z - 2090. Calculate the remainder when h(-8) is divided by 25.
21
Suppose 6*n = n + 240. Suppose -12*s = -0*s - n. Suppose 20 = -s*f + 8*f. What is the remainder when 79 is divided by f?
4
Suppose 4*d + 23*m - 19*m = 6444, -3*d = -3*m - 4851. What is the remainder when d is divided by 147?
144
Let w(i) = 4*i**3 - 2*i**2 - 2*i - 4. Let b = 531 + -477. Calculate the remainder when w(4) is divided by b.
50
Let o(t) = t**3 + t**2 + 2*t + 419. Suppose -7*v + 5 = -6*v, 0 = 5*u - 3*v + 15. Calculate the remainder when o(u) is divided by 21.
20
Suppose 102 = -144*x + 145*x - 4*i, 3*i + 252 = 3*x. Calculate the remainder when 5535 is divided by x.
75
Let k = -4930 - -5022. What is the remainder when 1741 is divided by k?
85
Let j(r) = -251*r**2 + 255*r**2 - 18 - 6 + 6*r. Calculate the remainder when j(3) is divided by 20.
10
Suppose 10*j + 353 = 2103. Suppose 5*y = -3*u + j, 8*u - 10*u - 4*y + 116 = 0. What is the remainder when u is divided by 41?
19
Suppose 90*j - 1190 = -29*j. Suppose -x + 11 = -28. What is the remainder when x is divided by j?
9
Suppose -5*u = 4*s - 335, -s + 48 = u - 4*s. Suppose -48 = -3*d - 11*p + 14*p, 4*p - 200 = -4*d. What is the remainder when u is divided by d?
30
Suppose 8*d - 2*s - 102 = 3*d, 4*d + s - 79 = 0. Suppose -d*t = -5*t - 210. Calculate the remainder when 0 + (0 - (-23 - 0)) is divided by t.
9
Let t(j) = 3*j + 101. Let y = 681 + -696. Calculate the remainder when 219 is divided by t(y).
51
Let y(r) = 2*r + 26. Let s be y(0). Suppose -s = z - 3*z. Let p = -11873 + 11918. Calculate the remainder when p is divided by z.
6
Suppose 0 = -2*c - 2*v + 50, 14*v - 25 = -c + 9*v. Suppose 0 = -24*g + c*g - 100. What is the remainder when g is divided by 52?
48
Let f(c) = -2*c**2 - 80*c + 185. What is the remainder when f(-40) is divided by 87?
11
Let s(t) = -t**2 - 25*t - 58. Suppose -6*c - 5*r - 62 = -4*c, r = -c - 25. Suppose 0 = -f - f + 98. Calculate the remainder when f is divided by s(c).
23
Suppose -2*j + 144 = -184. Suppose 4*b - 80 = j. Suppose 3*y + 12 = 0, -16*m + 19*m - 4*y = 67. Calculate the remainder when b is divided by m.
10
Let q be -6*(-1 + 5/10). Suppose -2*l + q*l - 172 = -4*u, -2*u - 3*l = -76. Suppose -100 - u = -9*s. Calculate the remainder when 77 is divided by s.
13
Let m(l) = -235*l + 92. Let c be m(-12). Suppose 12*s = -620 + c. What is the remainder when s is divided by 24?
23
Suppose 0 = 9*q - 3*q. Let j be 4/(-18) + (-14)/18 + q. Calculate the remainder when 57 is divided by (4/(j - -3))/(16/96).
9
Let h(m) be the second derivative of m**5/20 + m**4/2 - m**3/6 - 19*m**2/2 + 14*m + 1. Calculate the remainder when 83 is divided by h(-5).
6
Calculate the remainder when 2765 is divided by (26 - 1531)/(-5) - -5.
11
Suppose 397 = -15*q - 233. What is the remainder when (36/q)/((-1)/56) is divided by 13?
9
Suppose -5*h = -320 - 485. Let i be (-1)/((-6)/4) - 1482/(-18). Suppose -h - i = -4*n. Calculate the remainder when n is divided by 16.
13
Suppose r - 200 = -4*r. Suppose 4*c - 5*c = -4*v + 583, -v - 3*c = -123. Calculate the remainder when v is divided by r.
24
Let p = -40 - -151. Suppose -50*f - 616 = -61*f. Calculate the remainder when p is divided by f.
55
Suppose -f + 2*i = -52, -47*f + 46*f + 4*i + 42 = 0. Calculate the remainder when 80 is divided by f.
18
Suppose 0 = -3*d - 301 + 19. Let g(s) = 38*s**2 - s - 86. Let n be g(0). Let z = n - d. What is the remainder when 119 is divided by z?
7
Let g = -1544 + 1557. What is the remainder when 2/(-2) - (-169 + -6 + 6) is divided by g?
12
Let t(q) = q**3 + 5*q**2 - 5*q. What is the remainder when t(-4) is divided by -13*8/(-416)*8?
0
Let g(x) = -x**2 + 3*x + 25. Let l be g(6). Let h(c) = -c**2 + 9*c - 2. Calculate the remainder when (1 - 1) + 102/3 is divided by h(l).
10
Let l = -19694 - -20403. Calculate the remainder when l is divided by 77.
16
Let j(b) = -6*b**3 + 3*b**2 + 3*b - 2. Let o(v) = -v**3 + 3*v**2 + 2*v + 30. Let y = 544 - 544. Calculate the remainder when j(-3) is divided by o(y).
28
What is the remainder when 224 is divided by 20/30 - (48/(-9) + 0)?
2
Suppose -55*m + 229 = -761. Calculate the remainder when 334 is divided by m.
10
Let n(q) = -